b**4/6 + b**3/3 + 14*b**2. Suppose 0*i = -5*i - 2*y - 18, 28 = -4*i - 5*y. Calculate d(i).
-6
Let c(j) = -j**3 + j**2 - j - 1. Let v be 2/4 + 3/(-6). Determine c(v).
-1
Suppose -2*u = -0*u + 10. Let b(w) = -w**2 - 7*w - 6. Give b(u).
4
Let z(r) = r**2 + r + 10. Let n(y) = 4*y**2 - y + 1. Let w be n(1). Suppose 0*d = -w*d, 2*o = -3*d. Calculate z(o).
10
Let o = 8 + -5. Suppose 10 = -3*u + 4*h, -u + 8*h - o*h - 18 = 0. Let l(f) = 2*f**2 - 4*f - 5. Let i(x) = x**2 - 3*x - 4. Let j(c) = 4*i(c) - 3*l(c). Give j(u).
-9
Suppose 2*z - 2*v - 24 = 3*v, -v - 14 = -5*z. Let x(t) = -3 + 2*t - 2*t**2 + t**2 + 2*t**z. What is x(-5)?
12
Let m(h) = h**2 - 7. Let n(o) = o**2 - o - 6. Let p(l) = -2*m(l) + 3*n(l). Let z = 7 - 3. Suppose -z*v + 2 = -14. Determine p(v).
0
Suppose -3*o + 30 = 2*o. Let b(z) = 15*z**2 - 12*z + 1. Let k(w) = -7*w**2 + 6*w - 1. Let d = -22 - -16. Let m(i) = d*b(i) - 13*k(i). Give m(o).
7
Suppose 2*d - 2*t - 24 = -2*d, t = -2*d + 4. Suppose -2*j - 17 = -d*j + 3*z, -j + 12 = -5*z. Suppose -3 = -2*c + j. Let f(y) = -2*y. What is f(c)?
-10
Let p(v) = 13*v**2 - v - 1. Let c be p(-1). Let u = c + -8. Let t(w) = w + 7 - 4*w + 2*w. Calculate t(u).
2
Let o(q) = -q**2 + 4*q - 1. Let j(n) be the first derivative of n**2/2 - 3*n + 3. Let l be j(7). Give o(l).
-1
Let m(a) = a**3 - 3*a**2 + 3*a. Suppose 3*s + 0*s = 6. Let v be s/7 + (-12)/(-7). Calculate m(v).
2
Suppose 5*o - 41 = -2*s, -6*s = -2*s + 8. Let j(q) = o*q - 8*q + q. What is j(3)?
6
Let d(j) = j - 2. Let y be d(2). Let m(p) = p**3 - 2*p + p**2 + y*p + 2*p**2 - 4. Let b be ((-2)/6)/(2/18). Determine m(b).
2
Let o be 2/15 + 62/(-15). Let v(k) = k**3 + 4*k**2 - k + 2. Determine v(o).
6
Let r(m) = 2*m**3 + 4*m**2 + 2*m - 2*m**3 - 4 - m**3 - 2*m**2. Let h be r(2). Let c(l) = -l**3 - l - 7. Give c(h).
-7
Let w(j) be the third derivative of j**4/24 - j**3/3 + 9*j**2 + 2*j. Determine w(5).
3
Let z(c) = c**3 - 9*c**2 - 12*c + 21. Let q be z(10). Let m(d) = -10*d**2 + 2*d - 1. Give m(q).
-9
Let i(h) = h**3 + 1 - 1 - h**2 + h. Let q(j) = 4*j**3 - 9*j**2 + 10*j - 7. Let c be (-3 + -2)/(0 + 1). Let d(n) = c*i(n) + q(n). Give d(-5).
-7
Let y(a) be the first derivative of -a**4/12 + 2*a**3/3 - a**2/2 + 7*a - 8. Let u(i) be the first derivative of y(i). Determine u(3).
2
Let z be -2 + (1 - (-3 - -2)). Let l(v) = v**3 - v**2 - v - 3. Calculate l(z).
-3
Let d = -21 - -19. Let h(m) = 4*m**3 + m**2 - 3*m**3 + 2*m + 1 + 2. Give h(d).
-5
Let t be (-2)/(-4)*4 - 0. Let w(d) = -5*d + 0*d**3 + 2*d - d**3 - 4*d**t - d**2. Give w(-4).
-4
Let a(u) = u**3 + u + 1. Let d(p) = 2*p**3 - 3*p**2 + p + 1. Let b(w) = -3*a(w) + d(w). Give b(-3).
4
Let q(h) = 4*h - 1. Let d(c) = -c**3 + 3*c**2 + 1. Suppose 0 = -2*t + 2*j + 2*j + 2, -2*j = -2. Let f be d(t). What is q(f)?
3
Let r(m) = -2*m**2 + 6*m - 6. Let w be (-3*1)/((-1)/(-4)*-3). Give r(w).
-14
Let k = -6 - -18. Suppose -n = 4*w - k, -3*w + 14 = 5*n + 5. Let m(r) = r**2 + r - 8. Calculate m(n).
-8
Let t(j) = -j**3 - 5*j**2 - 2*j + 3. Let s be 287/21 + (-1)/(-3). Let l = s + -18. Calculate t(l).
-5
Suppose 2*n - 7*n = 40. Let y(v) = -v**3 - 8*v**2 + v + 7. Calculate y(n).
-1
Let o(f) = 6*f**2 + 35*f - 34. Let b(w) = w**2 + 7*w - 7. Let n(p) = 11*b(p) - 2*o(p). Give n(6).
-3
Let o(z) = -5*z - 5*z + 0*z - z**2 + 11*z. Calculate o(3).
-6
Let q = 5 + -7. Let w(o) be the second derivative of 1/3*o**3 - 1/2*o**2 + 1/4*o**4 - 2*o + 1/20*o**5 + 0. What is w(q)?
-1
Let s(t) = -t**2 - 1. Let c(w) = w**2 + 1. Let y be c(0). Let q(l) = l**3 + l - 1. Let h(o) = y*q(o) + 5*s(o). Give h(5).
-1
Let r(o) = o + 4. Let d(k) = k + 1. Let w(t) = -2*d(t) + r(t). Determine w(-8).
10
Suppose -w + 10 = 6. Let k(a) = 2*a**2 - 6*a + 1. Give k(w).
9
Suppose -3*h + 5*y + 6 = -12, 3*h + 3*y - 18 = 0. Let g(z) = 1 + z + h*z**3 - z**2 + 5*z**3 - z. What is g(1)?
11
Let g = 1 + 1. Let l = g + -2. Let r(z) = z**2 + z - 1. What is r(l)?
-1
Let n(t) = t - 5. Suppose -55 = 2*i - 5*i - 2*u, -3*u = -2*i + 54. Let c = -3 + 6. Suppose -i - 18 = -4*x - c*g, g = -4*x + 29. What is n(x)?
1
Let j(d) = -d**2 + 6*d - 3. Suppose r = -5*a + 5*r + 66, -2*a + 5*r = -40. Suppose 0 = 4*g - 6 - a. Determine j(g).
5
Let v(f) = -7*f - 2. Let p(q) = 14*q + 5. Let c(b) = 2*p(b) + 5*v(b). Suppose 0*t = -t, 2*a - 8 = -5*t. Suppose -a*j + g = 5, -j + 2*j = g - 2. What is c(j)?
7
Let d(k) = k - 6. Let h be (2 - 0) + -4 + 6. Let m(x) = 1. Let p(r) = h*m(r) + d(r). What is p(2)?
0
Let t(r) = -3 + 2*r**2 + 3 + 1 - 4*r + 2. Let b be t(3). Let p(h) = h**2 - 9*h - 6. Let m be p(b). Let x(i) = -i**3 - 7*i**2 - 6*i. Calculate x(m).
0
Let x(p) = p - 10. Let h = 9 - -4. Let v = h + -8. Determine x(v).
-5
Let r(h) = h**3 - 2*h**2 + 4*h - 1. Let o be r(3). Let q be 26/8 + (-5)/o. Let c(f) = 2*f**2 - 3*f - 4. Determine c(q).
5
Let x(s) = 0 + 0*s - s - 7 + 5. Give x(3).
-5
Let m(h) be the first derivative of -1/3*h**3 - 1/2*h**2 + 3 + h. Determine m(-3).
-5
Let o(v) be the first derivative of v**4/4 + v**3/3 + v**2/2 - v + 24. Suppose -2*x + 0 = -2. Let a = -1 + x. Determine o(a).
-1
Let r(d) be the third derivative of -d**5/60 + 5*d**4/12 - 3*d**3/2 - 20*d**2. Calculate r(8).
7
Let g(u) = -u**3 + 5*u**2 - 8*u - 4. Let l(x) = x**3 - 5*x**2 + 9*x + 4. Let t(p) = 7*g(p) + 6*l(p). Calculate t(4).
4
Let d be (-21)/(-28) - 10/(-8). Let v be (0/4)/(1*d). Let a(m) = m**3 - m - 5. What is a(v)?
-5
Let l be 3*(-2 + -3) - (-7 + 5). Let d(t) = -t**2 - 13*t - 4. Determine d(l).
-4
Let f(z) = z**2 - 2*z + 6. Let h(r) = r**3 + 3*r**2 + 2*r. Let m be h(-1). Determine f(m).
6
Let y(c) be the second derivative of -c**5/20 + c**4/6 - c**3/3 + c**2/2 + 16*c. Let x be 48/22 - 4/22. Let d be x + 2/(-2)*1. What is y(d)?
0
Let k(w) = w**3 + 5*w**2 + 3*w - 3. Let x = -66 - -61. What is k(x)?
-18
Let w(m) = -m**2 + 6*m + 8. Let g be w(6). Suppose -5*l = -5*i - 10, 2*l + i + 0 = -g. Let o(r) = 1 + 0*r**3 + 4*r**2 - r**2 + r**3 - r - 2*r**2. Give o(l).
-1
Let c(a) = -a**3 - 5*a**2 + 4. Let z(h) = h**2 - 2. Let s be z(0). Let n be -3 + (0/s - 2). Calculate c(n).
4
Suppose -5*q + 2*q = 12. Let o(f) = 2*f**2 + 4*f - 3. Calculate o(q).
13
Let k(i) = -2*i**2 + 2*i - 7. Let m(s) = -s**2 + s - 6. Let z(d) = -2*k(d) + 3*m(d). What is z(4)?
8
Let s(l) = 5 - 15*l - 6*l - 7*l + 33*l. What is s(-4)?
-15
Let o(h) = 4 - 3 + 5*h - 10*h + 4*h. Calculate o(1).
0
Let a = -11 - -13. Suppose 4*y - 6 = -o + 1, 6 = a*y. Let b(q) = -q - 9. Calculate b(o).
-4
Let g(b) be the second derivative of 1/12*b**4 + 2*b + 1/2*b**3 + 3/2*b**2 + 0. Suppose -3*o = -8*o - 10. Determine g(o).
1
Let v = 39 - 23. Let u be (3/(-2))/(4/v). Let n(q) = -q**2 - 7*q - 3. Calculate n(u).
3
Suppose -4*o + 0 = -12. Let u(p) = 3*p - 6*p + o + 4*p - p**2. Give u(-3).
-9
Let j(i) = -2*i + 5. Suppose 0 = -4*d - 7*g + 2*g - 34, -5*d = -3*g + 24. Determine j(d).
17
Let u(n) = 7*n**3 - 10*n**2 + 11*n - 13. Let s(a) = -10*a**3 + 15*a**2 - 16*a + 19. Let t(r) = -5*s(r) - 7*u(r). Let v be 20/50 - 36/(-10). What is t(v)?
-8
Let z(q) be the first derivative of -1/2*q**2 + 1 - 3*q. Suppose -2*a - 3 = 7. Calculate z(a).
2
Let z(t) = -8*t + 1. Let k = 3 + 3. Suppose -i - 3*u + 6 - 4 = 0, -i + 5*u = k. Determine z(i).
9
Let w(a) = a**2 - 4*a - 1. Suppose -3 = 2*x - 13. Calculate w(x).
4
Let l(k) = -6*k**2 + k + 1. Let v be ((-3)/6 - -2)*14. Let z be (-6)/(-21) + (-6)/v. Suppose -4 = 4*y - z. Give l(y).
-6
Let m(d) be the third derivative of d**5/120 - d**3/3 - 4*d**2. Let j(y) be the first derivative of m(y). What is j(2)?
2
Suppose 3*m + 15 = -m - f, 25 = -5*m + 5*f. Let c(z) = -2*z - 2. What is c(m)?
6
Let o be 1/(-3) + 40/12. Suppose 0 = -3*g + 5*a - 27, 2*g + 5*a - 19 = o*g. Let f(t) = 3*t - 2. Let m(d) = d + 1. Let r(b) = f(b) - 4*m(b). Give r(g).
-2
Let x(u) = -3*u**3 - 7*u**2 - u + 2. Let i(n) = 7*n**3 + 15*n**2 + n - 5. Let a(d) = 2*i(d) + 5*x(d). Determine a(-4).
-4
Let w be 1/2*(-1 - 9). Let z = -11 - -14. Let c(n) = 0*n**2 - z*n - 38 - n - n**2 + 39. Determine c(w).
-4
Let q(j) = j**3 - 3*j**2 - j + 3. Let y(p) = p**3 + p**2 - p - 1. Let u(k) = q(k) - 2*y(k). Calculate u(-4).
-15
Let g be (5/5 + -3)/((-2)/3). Let i(f) = -3*f + 3. What is i(g)?
-6
Let a(b) be the third derivative of b**4/12 + b**2. Give a(4).
8
Let b(f) = -4*f**3 - 4*f + 2. Let u(h) = -11*h**3 + h**2 - 11*h + 6. Let o(k) = 8*b(k) - 3*u(k). Calculate o(3).
1